hest common factor of i and 170?
10
Suppose 0 = -45*n + 61*n - 4000. Suppose 15*s = 4*s + 330. Calculate the highest common divisor of s and n.
10
Suppose 0 = -77*n + 90*n + 67*n - 7200. Suppose -s - s + 60 = 0. Let k = -15 + s. Calculate the greatest common factor of n and k.
15
Let w = -9 + 19. Let j be ((-76)/(-12) - 6)/(1/(-3)). Let k = w - j. Calculate the highest common factor of 88 and k.
11
Suppose 5*m - 2*i = 5939, 19*i - 24*i - 10 = 0. Suppose -63 = 1184*q - m*q. Calculate the greatest common factor of q and 6.
3
Let k(v) = 2*v**2 + 8*v + 23. Let o be k(-9). Let h = -105 + o. Calculate the highest common divisor of 20 and h.
4
Let f be -5 + 38 + 0/(-2) + -1. Suppose 34*d - 720 = 29*d. Suppose -j = -d + f. Calculate the greatest common divisor of j and 14.
14
Let i(m) = -m**3 - 15*m**2 - 24*m + 31. Let o be i(-13). Suppose -4*x + 1511 = -5*w, 6*w = o*w - 3. What is the highest common divisor of x and 66?
22
Suppose 5*o = -5*i + 1122 - 127, 1366 = 7*o - 2*i. Calculate the greatest common divisor of o and 2401.
49
Suppose -7*i + 20*i - 10907 = 0. Suppose 23*k - i = 1346. What is the greatest common factor of 10 and k?
5
Let x = 2039 + -889. Suppose -10*k + x = 450. Suppose 6*m - 2*m - 82 = -5*a, -5*a + 3*m + 61 = 0. What is the highest common divisor of a and k?
14
Suppose -280 = -5*g - 2*g. Let r(q) = 3*q + 11. Let v be r(7). What is the greatest common divisor of g and v?
8
Let v(d) = 6*d**3 - 19*d**2 - 5*d + 8. Let j(p) = -2*p**3 + 9*p**2 - 5*p - 8. Let b be j(3). Let l be v(b). Calculate the greatest common divisor of l and 119.
17
Suppose -10991 - 15025 = -4*c. What is the greatest common divisor of 24 and c?
24
Suppose 5*t + 12 - 7 = 0. Let g be (t - 2)/(36/(-204)). Let p(m) = m**2 - 16*m - 5. Let o be p(g). Calculate the highest common divisor of o and 36.
12
Let q = 5 - 3. Let s = 54 + -68. Let h be (-5)/(s/(-42) + 14/(-12)). What is the highest common divisor of q and h?
2
Suppose 3*h - 7224 = 5*n, -7*h - 7203 = -10*h - 2*n. Calculate the greatest common factor of 89 and h.
89
Let q = 53 - 32. Let h(v) = -v**2 + 22*v + 47. Let m be h(q). Let r = -38 + m. What is the greatest common factor of 6 and r?
6
Suppose -454*d = -449*d. Suppose -12 = 3*t - 6*t. Suppose d = t*n + 3*i - 87, -3*n + 8*n - i = 85. Calculate the highest common divisor of n and 6.
6
Suppose -2*l + j = 4*j - 18, -2*j + 4 = 0. Suppose 2*x = -10*x + 120. Let b be (5/x)/(3/18). Calculate the greatest common divisor of l and b.
3
Let f be ((-93)/(-6))/((4/392)/1). What is the greatest common divisor of f and 31?
31
Suppose 1552814 + 124402 = 142*x - 173186. What is the highest common divisor of 83 and x?
83
Suppose 13*h = 11*h + 3*i + 1722, i + 3414 = 4*h. Calculate the greatest common factor of 84 and h.
12
Suppose 3*z = -5*d - 1363 - 932, -2277 = 3*z - d. Let s = z + 816. Calculate the greatest common factor of s and 154.
14
Let k = 37 + -35. Suppose 0 = k*y + 4*y - 24. Suppose v + 34 = y*r, 0 = -r - r + 2*v + 20. What is the highest common factor of 152 and r?
8
Let c = 4203 + -2790. What is the highest common factor of c and 9?
9
Suppose -49 = 50*w - 57*w. Suppose w*f - 15*f = -264. What is the greatest common divisor of 77 and f?
11
Let w(p) = -15*p. Let u be w(-7). Let o be -2*(-7)/((-14)/15)*-7. Suppose -a - 5*g = 4*a - o, 63 = 3*a + 5*g. Calculate the greatest common divisor of a and u.
21
Let n = -3219 + 3279. What is the greatest common factor of 1095 and n?
15
Suppose -4*l - 5*u + 13489 = 4565, 6*l + 4*u = 13400. What is the greatest common divisor of 52 and l?
52
Let m(d) = -7*d**3 + 3*d + 2. Suppose -8 = 7*z + 6. Let a be m(z). Let y = a - 6. Calculate the highest common factor of 506 and y.
46
Suppose 2 = d + 1. Let z(t) = t + 106. Let p be z(21). Let i = p - 125. Calculate the highest common factor of i and d.
1
Let m = 2853 - 2754. What is the highest common divisor of m and 2013?
33
Let d(x) = -x**2 - 32*x - 171. Let l be d(-24). Let c be (l/(-12))/(6/(-48)). What is the greatest common divisor of c and 378?
14
Let l = -37 + 57. Suppose 21*c - l*c = 0. Suppose -k = -2*k + 4, -5*x + 5*k - 15 = c. What is the highest common divisor of x and 19?
1
Suppose 7 = 4*b - 5*b. Suppose 4*n - u = -3*u + 222, 3*u + 283 = 5*n. Let x be (b/14)/((-4)/n). Calculate the greatest common factor of x and 56.
7
Let n(a) = -3*a**3 - 7*a**2 + 69*a + 59. Let i be n(-29). What is the greatest common factor of 182 and i?
182
Suppose -47*o + 51389 = 50731. Let w = -16 - -23. Suppose t - w + 0 = 0. Calculate the greatest common divisor of t and o.
7
Let y be (-396)/(-30) - 1/5. Let c = y - -3. Let z = -176 + 180. What is the greatest common divisor of z and c?
4
Let m = 1595 - 1403. What is the greatest common divisor of 1024 and m?
64
Suppose -5*s = -2*r + 29, 3*s - r + 7 = -5*r. Let x be ((-90)/(-4))/(s*(-1)/50). Let m = -81 - -106. What is the highest common divisor of x and m?
25
Suppose 2*x = -5*s + 7215, -14140 - 3913 = -5*x + 3*s. Suppose 0 = -21*j + x - 229. What is the greatest common factor of j and 92?
23
Let y = -227 - -228. Suppose 4*w + 2*n - 50 = 0, 3*w = -w + 5*n + 43. Let q(j) = -j + 16. Let v be q(w). What is the greatest common divisor of y and v?
1
Suppose -7*v + 2556 = 4*y - 3*v, 2551 = 4*y + 5*v. Suppose 136*c + y = 143*c. What is the greatest common divisor of c and 23?
23
Let f be 4 + 0/1 - 4. Suppose -x = -f*x - 68. Let a(j) = -j**3 + 4*j**2 + 11*j + 4. Let z be a(5). Calculate the highest common factor of x and z.
34
Let a be 100/26 - 78/(-507). Suppose 0 = a*v - 90 + 26. What is the highest common divisor of v and 184?
8
Let u be 454/4 - (-2)/(-4). Let w = 57764 + -56521. What is the highest common divisor of w and u?
113
Let n = -153 + 171. Suppose 4*l - 3*t - 249 = 0, -3*l - 3*t - 106 = -298. What is the highest common divisor of l and n?
9
Let i be 6 + 4/(-28)*0. Suppose 132 = -i*t + 1122. Calculate the highest common divisor of 15 and t.
15
Let c = -1234 + 1266. Let p(k) = -5*k**3 - 2*k**2 - 2*k - 1. Let s be p(-1). What is the highest common factor of c and s?
4
Let s be ((-123)/21 - -5)/(1/(-2338)). Calculate the greatest common divisor of s and 84.
12
Let c(n) = 63*n**3 + 3*n**2 + n + 20. Let o be c(4). What is the greatest common divisor of 324 and o?
108
Let j = 20 + -13. Suppose x - 5*u = j + 52, -3*x - u = -113. Let f = 4425 + -4412. What is the highest common divisor of x and f?
13
Let r be ((-567)/(-6))/((-7)/(-14)). Suppose 2*i = 2 + 82. What is the highest common factor of r and i?
21
Let d(y) = 6*y + 8*y - 41 + 24 - 125. Let o be d(11). What is the highest common factor of 468 and o?
12
Let v = -235 - -245. Suppose -318 - 802 = -v*n. What is the greatest common factor of n and 16?
16
Let l(c) be the third derivative of -16*c**2 + 5/24*c**4 - 14/3*c**3 + 0*c + 0. Let f be l(16). What is the highest common divisor of 13 and f?
13
Suppose 0 = -3*y - 21, 5*k + 3*y - 7572 = -y. What is the highest common factor of 342 and k?
38
Suppose 6*v + 9*v = 2*v. Suppose v = 6*m - 21 - 15. Let w(x) = -17*x + 1. Let i be w(-1). What is the highest common divisor of i and m?
6
Suppose -3*r = -5*n - r + 158, 0 = -5*n - 2*r + 142. Suppose -3*u = 2*k - n, 2*u - 3*u = 5*k - 75. What is the highest common factor of k and 105?
15
Let l(i) = -i**3 + 26*i**2 + 13*i - 209. Let j be l(17). Calculate the greatest common factor of j and 78.
39
Suppose 168 + 57 = -15*m. Let k(j) = -9*j - 100. Let l be k(m). Calculate the highest common divisor of 20 and l.
5
Let d = 4296 - 4287. Calculate the highest common factor of d and 762.
3
Suppose -31*o - 4359 = -32*o. Suppose 3*r = 5*g - o, 3*g - 2*g = -4*r + 858. Calculate the greatest common factor of g and 30.
30
Suppose -3*r = 4*g + 18, -4*g - 10 = -5*r + 4*r. Let k be 14205/105 + r/7. What is the greatest common factor of k and 30?
15
Let f = 31675 - -16454. What is the greatest common divisor of f and 183?
183
Let s = -37149 + 38031. Calculate the highest common divisor of s and 174.
6
Suppose 5*y - 11 = 9. Suppose 4*h = -4, -y*i + 29 = -2*h - 57. Calculate the greatest common factor of 105 and i.
21
Let f(l) = -18*l**3 - 2*l**2 - 47*l + 12. Let k be f(0). What is the highest common factor of k and 7158?
6
Suppose -52*r + 18795 = 11*r + 116*r. What is the greatest common divisor of r and 1815?
15
Let p be (7 + 8)*